{"id":19,"date":"2017-03-12T20:49:57","date_gmt":"2017-03-12T19:49:57","guid":{"rendered":"http:\/\/yourteprevert.info\/?page_id=19"},"modified":"2023-06-20T09:01:06","modified_gmt":"2023-06-20T07:01:06","slug":"adultes","status":"publish","type":"page","link":"https:\/\/old.yourteprevert.info\/index.php\/adultes\/","title":{"rendered":"Yoga adultes"},"content":{"rendered":"<h1 style=\"text-align: center;\">Yoga\u00a0: Oser faire un pas\u00a0!<\/h1>\n<p><em>Oser faire un pas\u00a0: un pas pour soi\u2026 \u00eatre doux avec soi-m\u00eame, pour se sentir mieux dans son corps et dans sa t\u00eate.<\/em><\/p>\n<h2>Informations pratiques\u00a0:<\/h2>\n<p><strong>Jours\u00a0:<\/strong><\/p>\n<p>Lundis matin 9h15 dans la Yourte : cours d\u00e9butant adapt\u00e9 aux +50ans<\/p>\n<p>Jeudis matin 9h15 dans la Yourte : cours d\u00e9butant adapt\u00e9 aux +50ans<\/p>\n<p>Vendredi matin 9h15 dans la Yourte : cours d\u00e9butant adapt\u00e9 aux +50ans<\/p>\n<p>Mardis 19h00 en visioconf\u00e9rence ZOOM \/ 2 places dans mon salon<br \/>\nJeudis 19h45 en yourte \/ 7 places<br \/>\nsi int\u00e9r\u00eat et 4 yogi : samedis et\/ou dimanches matins !<\/p>\n<p><strong>Lieu\u00a0: <\/strong>Dans ma yourte chauff\u00e9e, en plein air par beau temps, ZOOM<\/p>\n<p><strong>Dur\u00e9e\u00a0:<\/strong> 1h15<\/p>\n<p><strong>Places limit\u00e9es\u00a0:<\/strong> 7 participants<\/p>\n<p><strong>Mat\u00e9riel\u00a0:<\/strong> Habits souples et confortables<\/p>\n<p><strong>Tapis\u00a0&amp; coussins\u00a0:<\/strong> \u00c0 votre disposition (depuis COVID prendre votre tapis, blocs, sangle)<\/p>\n<h2>Qu\u2019est-ce que c\u2019est\u00a0?<\/h2>\n<p>Le terme \u00ab\u00a0yoga\u00a0\u00bb signifie \u00ab\u00a0union\u00a0\u00bb en sanskrit\u00a0: union du corps, de l\u2019esprit et de l\u2019\u00e2me v\u00e9cue dans l\u2019instant pr\u00e9sent.<\/p>\n<p>Selon la pratique du Yoga de Patanjali ou Raja-Yoga, le yoga est compos\u00e9 de 8 branches ou membres (p\u00e9tales)*il est, en quelque sorte, un art de vie codifi\u00e9. Le cheminement vers le Yoga et sa pratique va amener \u00e0 un d\u00e9veloppement de la conscience. La d\u00e9marche va permettre de trouver des r\u00e9ponses profond\u00e9ment enfouies en chacun \u00e0 des questions existentielles du sens de la vie. Ces r\u00e9ponses reposent en un espace int\u00e9rieur de paix et de joie de vivre<\/p>\n<h2>Comment se d\u00e9roule une pratique ?<\/h2>\n<p>La pratique commence par des <strong>exercices de centrage et de respiration<\/strong>.<\/p>\n<p>S\u2019enchainent des postures de yoga stables et confortables dans une succession de mouvements doux, fluides et synchronis\u00e9s avec une respiration consciente. Puis vient une partie plus dynamique avant de revenir au calme afin d\u2019apaiser son esprit.<\/p>\n<p>Une m\u00e9thode de yoga (il en existe diff\u00e9rentes aujourd\u2019hui) respecte des consignes de base qui sont\u00a0: ne pas nuire, ne pas se faire mal, coordonner le mouvement et le souffle et d\u00e9velopper la conscience et l\u2019attention.<\/p>\n<p>Une pratique du yoga justement comprise tient compte des possibilit\u00e9s individuelles (pouvant varier d\u2019une fois \u00e0 l\u2019autre) de chaque personne par le fait qu\u2019il est demand\u00e9 \u00e0 chaque personne d\u2019\u00eatre acteur. Ce qui revient \u00e0 dire que chaque personne doit ajuster sa posture \u00e0 ses possibilit\u00e9s, N\u2019essayez pas de copier sur le voisin mais sachez l\u00e2cher prise et faire confiance \u00e0 vos possibilit\u00e9s. Suivant la demande des \u00e9l\u00e8ves, je peux int\u00e9grer, \u00e0 la suite de la pratique du yoga, de la <strong>m\u00e9ditation guid\u00e9e<\/strong> ainsi que des <strong>massages sonores<\/strong> avec des bols tib\u00e9tains.<\/p>\n<p>Chaque pratique se termine par un instant de relaxation.<\/p>\n<h2>Quels sont ses effets ?<\/h2>\n<p>Le yoga influence notre sant\u00e9 en \u00e9tirant et renfor\u00e7ant nos muscles tout en respectant les capacit\u00e9s de chacune et de chacun\u00a0: il assouplit, d\u00e9tend, renforce et <strong>revitalise le corps entier<\/strong>, confiance en soi, \u00e9tat de disponibilit\u00e9 et de l\u00e2cher prise.<\/p>\n<p>Les bienfaits peuvent se ressentir d\u00e8s la premi\u00e8re pratique\u00a0: muscles, tissus et articulations seront stimul\u00e9s tout comme les diff\u00e9rents syst\u00e8mes (nerveux, respiratoire, circulatoire, digestif, immunitaire et hormonal). La pratique r\u00e9guli\u00e8re agit ainsi positivement sur la respiration, la digestion, la concentration, le sommeil.<\/p>\n<p>La relaxation, \u00e0 la fin du cours, ressource et rel\u00e2che les tensions passag\u00e8res ou chroniques pour laisser place \u00e0 un <strong>esprit calme et stable<\/strong>.<\/p>\n<p>Peu \u00e0 peu, la posture s\u2019am\u00e9liore, la cr\u00e9ativit\u00e9 s\u2019accroit, la d\u00e9tente s\u2019accueille, et <strong>la bonne humeur se dessine sur le visage<\/strong>\u00a0!<\/p>\n<h2>Pour qui\u00a0?<\/h2>\n<p>Le yoga est accessible \u00e0 toutes et \u00e0 tous, quel que soit l\u2019\u00e2ge et la condition physique.<\/p>\n<p><strong>\u201c<span lang=\"en-US\"><em>You don\u2019t have to be flexible to do yoga, you just have to be willling to shake the dust off and see what happens.<\/em>\u201d <\/span> David Good<\/strong><\/p>\n<p>Les cours <strong>adultes<\/strong> propos\u00e9s s\u2019adaptent \u00e0 tous les niveaux\u00a0: d\u00e9butants bienvenus\u00a0!<\/p>\n<p>Je propose \u00e9galement des cours <a href=\"https:\/\/yourteprevert.ch\/index.php\/parent-enfant\/\">parent-enfant<\/a>, pour lesquels vous trouverez toutes les informations sur la page suivante.<\/p>\n<p><a href=\"https:\/\/yourteprevert.ch\/index.php\/enfants\/\">Yoga pour enfants<\/a><\/p>\n<h2>Tarifs<\/h2>\n<p>1 pratique, hors abonnement : 30.-<br \/>\n1 pratique, hors abonnement, \u00e9tudiant : 20.-<br \/>\n3 le\u00e7ons d&rsquo;essai : 50.-<\/p>\n<p>individuel 100.-<\/p>\n<div>Abonnement pour un semestre comprend une pratique par semaine : 450.-<br \/>\nAbonnement \u00e0 l\u2019ann\u00e9e comprend une pratique semaine : 800.-<br \/>\nAvec l\u2019abonnement, une 2<sup>\u00e8me<\/sup> pratique hebdomadaire sera \u00e0 20.-<\/div>\n<div><\/div>\n<div>Les absences excus\u00e9es et non-excus\u00e9es 48h \u00e0 l&rsquo;avance ne seront pas rembours\u00e9es.<\/div>\n<div><\/div>\n<div>\n<hr \/>\n<\/div>\n<div><\/div>\n<div><strong style=\"font-size: revert; color: initial;\">Coordonn\u00e9es bancaires<\/strong><\/div>\n<div>\n<p>Carole Collaud<br \/>\nImpasse du Pr\u00e9 Vert 18<br \/>\n1700 Fribourg<\/p>\n<p>SWISS POST<br \/>\nPOST FINANCE<br \/>\n3000 BERN<br \/>\nIBAN CH 64 0900 0000 17104830 9<br \/>\nBIC SWIFT : POFICHBE<\/p>\n<hr \/>\n<\/div>\n<div>Les semestres suivent le calendrier scolaire fribourgeois 2021\/2022<\/div>\n<div><\/div>\n<p><strong>Autres possibilit\u00e9s :<\/strong><br \/>\nSEL (Service d\u2019\u00c9change Local)<br \/>\nKarma yoga<br \/>\nFruits ou l\u00e9gumes du local ou du march\u00e9<br \/>\nIl me tient \u00e0 coeur que le co\u00fbt d\u2019une le\u00e7on ne devrait emp\u00eacher aucune personne int\u00e9ress\u00e9e \u00e0 participer \u00e0 une pratique. M\u2019en parler en cas de besoin pour trouver une solution en conscience, responsabilit\u00e9 et respect.<\/p>\n<h2>Quelques rep\u00e8res th\u00e9oriques\u00a0:<\/h2>\n<p><a name=\"_GoBack\"><\/a><\/p>\n<h5>Philosophie du yoga<\/h5>\n<p>Le yoga, terme sanskrit signifiant \u00ab\u00a0union\u00a0\u00bb, grandit en <strong>8 branches.<\/strong><\/p>\n<p>Ces 8 branches du <strong>Raja Yoga de Patanjali<\/strong> ne sont ni des r\u00e8gles, ni des lois mais des conseils de vie qui ne doivent entrainer aucun sentiment de culpabilit\u00e9 s\u2019ils ne sont pas respect\u00e9s. Les suivre est une question de choix et de discipline personnelle.<\/p>\n<p>Les 8 branches sont cit\u00e9es dans un ordre voulu\u00a0: d\u2019abord en contact avec l\u2019ext\u00e9rieur, puis de plus en plus profondes, int\u00e9rieures.<\/p>\n<p><strong>Yama\u00a0<\/strong>: les 5 disciplines relationnelles<\/p>\n<ol>\n<li>ahimsa\u00a0: la compassion, la non-violence, la non-nuisance, le respect et la bienveillance<\/li>\n<li>satya\u00a0: l\u2019attachement \u00e0 la v\u00e9rit\u00e9, la sinc\u00e9rit\u00e9, l\u2019authenticit\u00e9<\/li>\n<li>asteya\u00a0: l\u2019honn\u00eatet\u00e9, le respect de la propri\u00e9t\u00e9 d\u2019autrui<\/li>\n<li>brahmacharya\u00a0: le contr\u00f4le de nos instincts, la maitrise des pulsions<\/li>\n<li>aparigraha\u00a0: la simplicit\u00e9 mat\u00e9rielle, le d\u00e9tachement<\/li>\n<\/ol>\n<p><strong>Niyama\u00a0<\/strong>: les 5 disciplines personnelles<\/p>\n<ol>\n<li>saucha\u00a0: la puret\u00e9 au sens large (corporelle, mentale, de c\u0153ur)<\/li>\n<li>santosha\u00a0: le contentement, la s\u00e9r\u00e9nit\u00e9, la gratitude, le positivisme<\/li>\n<li>tapas\u00a0: l\u2019autodiscipline, concernant notre alimentation, la pratique des postures, la respiration contr\u00f4l\u00e9e et la parole.<\/li>\n<li>svadhyaya\u00a0: la r\u00e9flexion, la remise en question, la connaissance de soi<\/li>\n<li>ishwara pranidhana\u00a0: l\u2019humilit\u00e9, la d\u00e9votion, l\u2019acceptation, l\u2019abandon \u00e0 une force sup\u00e9rieure,<\/li>\n<\/ol>\n<p><strong>Asana\u00a0<\/strong>: les postures stables et confortables. Ce sont les exercices physiques du yoga.<br \/>\n<strong>Pranayama\u00a0<\/strong>: la respiration contr\u00f4l\u00e9e. Le \u00ab\u00a0prana\u00a0\u00bb signifie \u00e9nergie vitale ou \u00ab\u00a0souffle\u00a0\u00bb.<br \/>\n<strong>Pratyahara\u00a0<\/strong>: le contr\u00f4le des sens vers l\u2019int\u00e9rieur. \u00catre \u00e0 l\u2019\u00e9coute de soi.<br \/>\n<strong>Dharana\u00a0<\/strong>: la concentration. Se concentrer sur une seule chose \u00e0 la fois. Sa respiration, un mandala, la flamme d\u2019une bougie, un son, une fleur\u2026<br \/>\n<strong>Dhyana\u00a0<\/strong>: la m\u00e9ditation.<br \/>\n<strong>Samadhi\u00a0<\/strong>: L\u2019union. L\u2019\u00e9veil. La r\u00e9alisation de soi. La conscience pure illimit\u00e9e. C\u2019est le but ultime du yoga. Quand on se sent uni avec tous les \u00eatres, connect\u00e9 \u00e0 l\u2019univers.<\/p>\n<h2>T\u00e9moignages\u00a0:<\/h2>\n<p><em>\u00ab\u00a0Dans la yourte, on est dans un autre monde\u00a0! Cet endroit est tr\u00e8s calme, et l\u2019on ressent de bonnes ondes. Tout le stress reste \u00e0 l\u2019ext\u00e9rieur. Durant le cours, les explications sont tr\u00e8s claires, accompagn\u00e9e d\u2019une voix tr\u00e8s agr\u00e9able et calme. Les d\u00e9butantes (comme moi) sont corrig\u00e9es sur les alignements et Carole reste attentive \u00e0 tout le monde (respiration, gestes, postures).M\u00eame si j\u2019ai perdu ma souplesse avec les ann\u00e9es, je me suis sentie l\u00e9g\u00e8re \u00e0 la sortie du cours.\u00a0Le soir m\u00eame j\u2019ai tr\u00e8s bien dormi\u00a0d\u2019un sommeil profond, sans r\u00eaves. Le lendemain j\u2019\u00e9tais en forme grande forme et j\u2019ai h\u00e2te de revenir.\u00a0\u00bb <\/em>Ang\u00e8le, 32 ans, apr\u00e8s 1 cours<\/p>\n<p><em>\u00ab\u00a0Pour le Yoga, avant je peux arriver tendue, pr\u00e9occup\u00e9e et d\u00e9centr\u00e9e apr\u00e8s je repars extr\u00eamement zen, ressourc\u00e9e centr\u00e9e et apais\u00e9e, cela me reconnecte \u00e0 mon centre. Je peux dire que lorsque nous sommes all\u00e9es faire du Yoga en plein air, entre les arbres et les touffes d\u2019herbes, j&rsquo;ai m\u00eame eu l&rsquo;impression de ne faire qu&rsquo;un avec la nature lors de la m\u00e9ditation. Aussi c&rsquo;est un espace o\u00f9 l&rsquo;\u00e9coute sans jugement est valoris\u00e9e, Carole nous accompagne de mani\u00e8re attentive et propose des alternatives de positions selon notre souplesse. C&rsquo;est un yoga global aussi avec la s\u00e9ance de m\u00e9ditation avant pour les motiv\u00e9s, accompagnement du corps et de l&rsquo;esprit.\u00a0\u00bb <\/em>Maude 31 ans<\/p>\n<p><em>\u00ab\u00a0Le yoga est un espace de ressources, de pacification, un moment d&rsquo;arr\u00eat dans nos vies tr\u00e9pidantes que Carole m\u00e8ne avec bienveillance, douceur, respect ; l&rsquo;accueil et l&rsquo;\u00e9coute\u00a0\u00e0 chaque fois des besoins de chacun\/e trouve sa place et Carole avec g\u00e9n\u00e9rosit\u00e9 guide pas \u00e0 pas progr\u00e8s, h\u00e9sitations et envies. L&rsquo;espace de la yourte contribue \u00e0 apporter une s\u00e9r\u00e9nit\u00e9 singuli\u00e8re bienvenue. Namaste!\u00a0\u00bb<\/em> Nic 54 ans<\/p>\n<p><em>\u00ab\u00a0J\u2019ai connu Carole au S.E.L. (Syst\u00e8me d\u2019\u00c9change Local), j\u2019avais des douleurs r\u00e9currentes lombaire et dorsale depuis tr\u00e8s longtemps. Et je me suis dit pourquoi pas du yoga. A ma grande surprise d\u00e8s la premi\u00e8re s\u00e9ance, plus aucune douleur, pourtant avant j\u2019avais essay\u00e9, acupuncture, r\u00e9flexologie, massage, ost\u00e9opathe, rien ni a fait.\u00a0Du coup je vais \u00e9galement initier notre fille de 7 ans 1\/2, un peu hyperactive et sourde de l\u2019oreille droite. Nous verrons au prochain \u00e9pisode, si cela est concluant ou pas.\u00a0\u00bb<\/em> Aur\u00e9lien 48 ans<\/p>\n<p><em>\u00ab\u00a0Le cadre de la yourte est un lieu propice \u00e0 faire du yoga, m\u00eame que hier 26 f\u00e9vrier, nous avons fait notre premi\u00e8re s\u00e9ance en ext\u00e9rieur, sur la terrasse, au soleil printanier. Que du bonheur\u00a0!\u00a0\u00bb Luc 48 ans<\/em><\/p>\n<p><em>\u00ab\u00a0Le yoga pour moi c\u2019est l\u2019occasion de\u2026<\/em><br \/>\n<em> &#8211; m\u2019accorder une pose dans ma semaine toujours trop speed !<\/em><br \/>\n<em> &#8211; prendre conscience que je peux influencer mon bien-\u00eatre et mon corps&#8230;<\/em><br \/>\n<em> &#8211; d\u00e9rouiller un peu ma vieille carcasse qui en a bien besoin&#8230;<\/em><br \/>\n<em> &#8211; voir des amies avec qui j\u2019aime passer ce moment\u2026<\/em><br \/>\n<em> Le cadre est propice \u00e0 la d\u00e9tente (quoi de mieux qu\u2019une yourte pour se sentir d\u00e9pays\u00e9 et loin de tout). La le\u00e7on est intime, car on n\u2019est jamais plus de 7 ou 8 et il y a toujours moyen d\u2019adapter les mouvements en fonction de ses comp\u00e9tences.<\/em><br \/>\n<em> En deux mots, un moment sp\u00e9cial et chaleureux, b\u00e9n\u00e9fique et revigorant ! Presque comme un tr\u00e8s bon verre de rouge !\u00a0\u00bb <\/em>Pauline, 46 ans, heureuse m\u00e8re de footeux<\/p>\n","protected":false},"excerpt":{"rendered":"<p>Yoga\u00a0: Oser faire un pas\u00a0! Oser faire un pas\u00a0: un pas pour soi\u2026 \u00eatre doux avec soi-m\u00eame, pour se sentir mieux dans son corps et dans sa t\u00eate. Informations pratiques\u00a0: Jours\u00a0: Lundis matin 9h15 dans la Yourte : cours d\u00e9butant adapt\u00e9 aux +50ans Jeudis matin 9h15 dans la Yourte : cours d\u00e9butant adapt\u00e9 aux +50ans [&hellip;]<\/p>\n","protected":false},"author":1,"featured_media":0,"parent":0,"menu_order":0,"comment_status":"closed","ping_status":"closed","template":"","meta":[],"_links":{"self":[{"href":"https:\/\/old.yourteprevert.info\/index.php\/wp-json\/wp\/v2\/pages\/19"}],"collection":[{"href":"https:\/\/old.yourteprevert.info\/index.php\/wp-json\/wp\/v2\/pages"}],"about":[{"href":"https:\/\/old.yourteprevert.info\/index.php\/wp-json\/wp\/v2\/types\/page"}],"author":[{"embeddable":true,"href":"https:\/\/old.yourteprevert.info\/index.php\/wp-json\/wp\/v2\/users\/1"}],"replies":[{"embeddable":true,"href":"https:\/\/old.yourteprevert.info\/index.php\/wp-json\/wp\/v2\/comments?post=19"}],"version-history":[{"count":67,"href":"https:\/\/old.yourteprevert.info\/index.php\/wp-json\/wp\/v2\/pages\/19\/revisions"}],"predecessor-version":[{"id":1450,"href":"https:\/\/old.yourteprevert.info\/index.php\/wp-json\/wp\/v2\/pages\/19\/revisions\/1450"}],"wp:attachment":[{"href":"https:\/\/old.yourteprevert.info\/index.php\/wp-json\/wp\/v2\/media?parent=19"}],"curies":[{"name":"wp","href":"https:\/\/api.w.org\/{rel}","templated":true}]}}